 -6*l + 3*l - 19 = 5*n, -5*l = 5*n + 15. Suppose l*y + 10 = 28. What are the prime factors of y?
3
Let m = 370 + -240. What are the prime factors of m?
2, 5, 13
Suppose -2*r + 726 = 4*r. What are the prime factors of r?
11
Let m = -15 - -19. What are the prime factors of (6/(-9))/(m/(-294))?
7
Suppose -4*d = d - 375. What are the prime factors of 2/7 + d/7?
11
List the prime factors of (-1 - -1) + (-6 - -8).
2
Suppose -5*x - 22 = 3*i, -24 = -0*i + 4*i + 4*x. Let q(z) = -11*z - 8. List the prime factors of q(i).
2, 3
Suppose -3*n + 7*n - 772 = 0. List the prime factors of n.
193
Let y = -2 + 19. Let r = -4 - -10. Suppose -3*v + 2*a = r*a - 17, -2*v + 3*a = -y. List the prime factors of v.
7
Let s be 2/(-8) - (-9)/4. Suppose s*j - 4 = 4. Suppose -16 = -j*q + 4*k, k + 3 = 2. What are the prime factors of q?
3
Suppose 0*m + 5*j = -m + 36, 4*m + 5*j - 144 = 0. What are the prime factors of m?
2, 3
Let d(q) be the second derivative of q**3/3 + 3*q**2/2 + 8*q. List the prime factors of d(11).
5
Let v be (2/(-3))/(16/(-72)). Suppose 0*n + 3*y + 90 = v*n, -12 = 4*y. List the prime factors of n.
3
Let m(n) = n + 1. Let p(z) = -z**3 + 7*z**2 - 6*z + 3. Let r be p(6). What are the prime factors of m(r)?
2
Let d(h) be the first derivative of h**3/3 + 3*h**2 - 6*h - 1. Let p = 180 + -189. What are the prime factors of d(p)?
3, 7
Let p(y) = -y - y + y - 7. Let j be p(-7). Let d = 2 + j. List the prime factors of d.
2
Let u be 8 - 0/(0 - 1). Let k(s) = 0*s - 8 + 1 + 0 + 2*s. What are the prime factors of k(u)?
3
Suppose -12 = 2*r - 16. Suppose 3*y = r*y + 22. List the prime factors of y.
2, 11
Suppose -7*t = -4*t. Suppose t = -5*z - 15, -5*y + 0*y = -z - 168. Suppose -4*n = 4*k - 36, 2*n - 6*n = 3*k - y. List the prime factors of n.
2, 3
Let x be 6/3 + -1 + -3. Let a = -3 + 2. List the prime factors of 13 + x + a + 2.
2, 3
Let c be (-22)/(-6) - (-6)/(-9). Suppose w + w - 24 = 2*j, c*w = -3*j + 6. What are the prime factors of w?
7
Let u = 13 + -8. Suppose 66 + 59 = u*i. What are the prime factors of i?
5
Let u(c) = -c**2 + 34*c - 10. What are the prime factors of u(10)?
2, 5, 23
Suppose l + 0 - 38 = 0. List the prime factors of l.
2, 19
Suppose 2*m = 5*j - 827, 0*m - 4*m + 16 = 0. What are the prime factors of j?
167
Let w = 14 + -6. Suppose 4*x + 5*a - 3 = 27, -4*a + w = 0. What are the prime factors of x?
5
Let x(i) be the third derivative of -i**5/60 - i**4/3 + i**3/3 - i**2. Suppose -2*y = -0*y + 4, -5*m + y = 38. What are the prime factors of x(m)?
2
Let k be 7/(-1*1/(-4)). Let n = 63 - 46. Suppose -5*u = -2*c - k, 7 = u - 5*c - n. What are the prime factors of u?
2
Suppose 22 - 13 = 3*u. Let v(x) = 5*x**2 + 4*x + 1. Let c be v(-3). Suppose -5*k - 20 = -2*s - 94, 2*k = u*s + c. List the prime factors of k.
2, 7
Let h = -5 + 4. What are the prime factors of 16 - (h + 3 - 0)?
2, 7
Suppose -2*n + 114 + 224 = 0. List the prime factors of n.
13
Let i = -5 - -13. Suppose 4*d + 2*z = 26, 2*d - 2*z - 8 = i. List the prime factors of d.
7
Suppose d = 2*d - 2. Let h be (-4)/18 + 40/18. Suppose -h*j - d*j = -24. List the prime factors of j.
2, 3
Let p(y) be the first derivative of -y**4/12 - 7*y**3/6 + 3*y**2/2 + 2. Let a(b) be the second derivative of p(b). What are the prime factors of a(-8)?
3
Let w(t) = -t**3 - 11*t**2 - t - 13. Let y be w(-11). Let k = y - -21. What are the prime factors of k?
19
Let k = 2 + -8. Let o(p) = p**3 + 5*p**2 - 6*p + 5. Let s be o(k). Let y = 22 - s. What are the prime factors of y?
17
Let t = 395 + -261. Let z = -83 + t. List the prime factors of z.
3, 17
Suppose -3 - 5 = -f. Let l be 5 - 3 - (0 - -1). List the prime factors of f/(-12)*(-6)/l.
2
Suppose -4*d + d = -9. Let s(f) = f**3 - 2*f**2 + 3*f - 3. Let c be s(d). Let g = 27 - c. What are the prime factors of g?
2, 3
Let k = 36 + 5. What are the prime factors of k?
41
Let u(d) = d**3 + 9*d**2 + 5*d + 2. What are the prime factors of u(-6)?
2, 5
Let p be -2 + 3 + 6/2. Let g(q) = -q**2 - 8*q + 7. Let s be g(-7). Suppose p*a - 6 = s. List the prime factors of a.
5
Let m(g) = g**2 - 2*g - 3. Let n be 5/(-2) + 2/(-4). List the prime factors of m(n).
2, 3
Suppose -4*m = -m - 5*k - 2, k = 2. What are the prime factors of (-89)/(-13) - m/(-26)?
7
Suppose -4*i = -23 - 9. Suppose i = -0*g - 2*g. What are the prime factors of (-7)/(-2)*(g + 6)?
7
Let j(l) = 3*l**2 - 6*l + 1. Let d(q) = q**2 - q. Suppose -4*k - 8 = -0*k. Let v(a) = k*d(a) + j(a). What are the prime factors of v(5)?
2, 3
Let z(v) = -10*v - 3*v**2 - 5 + 4 - 4 + 2*v**2. List the prime factors of z(-6).
19
Let u be 0/4 - 6/(-2). Suppose u*i - 228 = -0*i. List the prime factors of (2/(-2))/((-4)/i).
19
Let q be (3 - 1 - -3) + 0. Suppose 2*l - q*l = -2*y + 54, -y - l + 17 = 0. List the prime factors of y.
3, 7
Let c(y) = -17*y + 54. List the prime factors of c(-5).
139
Suppose -3*y + 41 = 2*d, 5*y + 2 - 72 = -3*d. Let p = -9 + y. List the prime factors of p.
2
Let t be 2 + (-2)/(-2 - -1). Suppose -1 = u + t*r, u = -u - 3*r + 3. What are the prime factors of 12/((-5)/((-20)/u))?
2
Suppose -3*x + 2*x + 2*n = 0, -2*n = -5*x. Suppose -4*v + 9 - 1 = x. List the prime factors of (-672)/(-49) + v/7.
2, 7
Let b be -4 - -7 - 7 - -109. Let y = b - 62. List the prime factors of y.
43
Suppose k = 2 + 14. Let n = -16 - -5. Let j = n + k. List the prime factors of j.
5
Let a be (-12)/30*(-31 + 1). Let y(p) = p + 9. List the prime factors of y(a).
3, 7
Let q(b) = -5*b + 5*b**2 - 3*b**2 - 2 - 2*b**3 + 3*b**3 + 0*b**2. List the prime factors of q(-3).
2
Suppose 2*h + 3*h - 25 = 0. Suppose h*i = 2*w - 3, -3*i - 46 = -5*w - 10. List the prime factors of w.
3
Let u = 55 - 31. List the prime factors of 66/u + 1/4.
3
Let r = -170 - -260. What are the prime factors of r?
2, 3, 5
Let c(u) = 7*u**2 - 2. Let g be c(-2). Let f(a) = 18*a. Let h be f(1). Let w = g - h. What are the prime factors of w?
2
Suppose b - 152 = -4*b + m, -4*m - 98 = -3*b. What are the prime factors of b?
2, 3, 5
Let y(t) be the third derivative of -t**6/60 - t**5/60 - t**4/24 - 2*t**2. Let q be y(-1). Let i(l) = 3*l**2 - l. What are the prime factors of i(q)?
2, 5
Suppose -o + 6*o - 220 = 0. List the prime factors of o.
2, 11
Suppose -2*r - 629 = -3*t, -9*r + 10 = -7*r. What are the prime factors of t?
3, 71
What are the prime factors of 2*2/(-12) + (-2040)/(-18)?
113
Suppose 2*h - 5*c = 14, h - 6*h + c + 12 = 0. Suppose 0 = h*u - 67 - 5. What are the prime factors of u?
2, 3
Let b(o) = -13*o - 37. List the prime factors of b(-5).
2, 7
Let j(p) = -p**3 + 8*p**2 - p + 10. Let b be j(8). Suppose -3 = -f - 3*q, b*q - 10 = f - 3*f. What are the prime factors of f?
2, 3
Suppose -2*n + 3*n = f - 4, 3*n + 16 = -f. What are the prime factors of 0 + 2 + (f - -5)?
2, 3
Suppose 50 = w - 6*w - 4*o, -2*o - 4 = -w. Let c = 12 + w. What are the prime factors of c/(-4) - 9/(-2)?
3
Suppose -3*d + 2*p = 11, d - 3*p + 14 = -3*d. Let b = 1 - d. Let a = 2 + b. List the prime factors of a.
2
Let k(c) = -c**3 - 3*c**2 + 3*c - 4. Let f be k(-4). Let p be 1*(0 + f)/(-3). Suppose p = -5*y + v + 58, 3*y + 2*v - 16 = 2*y. List the prime factors of y.
2, 3
Let j(u) = u**3 - 4*u**2 + u + 1. Let k be j(4). Let y be k/(-3) + (-4)/(-6). What are the prime factors of (-16 - y)/(-3) - -2?
7
Let d = -2 + 5. Let b be (d/(-1) - -3) + 2. What are the prime factors of 13/b - 18/(-12)?
2
Let x = 5 + -6. Let y be 4 + x + 4 + -1. List the prime factors of (-3)/(-2) - (-93)/y.
17
Suppose 9*w - 115 = 4*w. Suppose -5*f - w = 7. List the prime factors of (8 + f)*(-7)/(-2).
7
Suppose 5 = -f - 2*z + 1, -4*z = -5*f + 36. What are the prime factors of f?
2
Suppose -20 = -4*v - 4*k - 0*k, 5*v + 3*k = 29. Let a = -4 - -2. What are the prime factors of (v/a)/(2/(-4))?
7
Let m(i) be the third derivative of i**4/8 + i**3/3 + 3*i**2. List the prime factors of m(6).
2, 5
Suppose -18 = w - 4*s, -s - 223 + 28 = 5*w. Let n = -5 - w. Suppose -4*x + n = -x. What are the prime factors of x?
11
Suppose -7*w - 6 = -4*w + 3*r, -w - 3*r = -8. Let p = 127 + -126. List the prime factors of (p - w) + (-2)/(-2).
3
Let u(d) = d**3 + 7*d**2 + 5*d - 4. Let p be u(-6). What are the prime factors of p + (3 - (0 + -2))?
7
Suppose 0*s - 1 = d + 3*s, -6 = -4*d - 2*s. Let l = -2 + d. Suppose -12 = -l*i - 4*i. List the prime factors of i.
3
Let z(x) be the